{"id":3605,"date":"2024-01-15T13:32:49","date_gmt":"2024-01-15T12:32:49","guid":{"rendered":"https:\/\/www.thekallidesign.com\/produkt\/berill\/"},"modified":"2024-01-15T13:32:49","modified_gmt":"2024-01-15T12:32:49","slug":"berill","status":"publish","type":"product","link":"https:\/\/www.thekallidesign.com\/hu\/termek\/berill\/","title":{"rendered":"Berill"},"content":{"rendered":"<p><strong>Berill felt\u00e9telezett hat\u00e1sa:<\/strong> serkenti a kiv\u00e1laszt\u00e1s szerveit, er\u0151s\u00edti a l\u00e9gz\u00e9si \u00e9s a kering\u00e9si rendszert, fokozza a m\u00e9reg- \u00e9s a szennyez\u0151 anyagokkal szembeni ellen\u00e1ll\u00e1st. J\u00f3t\u00e9konyan hat a m\u00e1jra, a sz\u00edvre, a gyomorra \u00e9s a gerincoszlopra, ellens\u00falyozza a megr\u00e1zk\u00f3dtat\u00e1s k\u00f6vetkezm\u00e9nyeit. Nyugtat\u00f3 hat\u00e1s\u00fa k\u0151.  <\/p>\n","protected":false},"excerpt":{"rendered":"<p><strong>Gy\u00f6ngyszem: <\/strong>6mm\u00d8<\/p>\n","protected":false},"featured_media":3593,"comment_status":"open","ping_status":"closed","template":"","meta":{"_monsterinsights_skip_tracking":false,"_monsterinsights_sitenote_active":false,"_monsterinsights_sitenote_note":"","_monsterinsights_sitenote_category":0},"product_cat":[63],"product_tag":[],"yoast_head":"<!-- This site is optimized with the Yoast SEO plugin v20.9 - https:\/\/yoast.com\/wordpress\/plugins\/seo\/ -->\n<title>Berill - Kalli<\/title>\n<meta name=\"description\" content=\"Berill felt\u00e9telezett hat\u00e1sa: serkenti a kiv\u00e1laszt\u00e1s szerveit, er\u0151s\u00edti a l\u00e9gz\u00e9si \u00e9s a kering\u00e9si rendszert, fokozza a m\u00e9reg- \u00e9s a szennyez\u0151 anyagokkal szembeni ellen\u00e1ll\u00e1st. J\u00f3t\u00e9konyan hat a m\u00e1jra, a sz\u00edvre, a gyomorra \u00e9s a gerincoszlopra, ellens\u00falyozza a megr\u00e1zk\u00f3dtat\u00e1s k\u00f6vetkezm\u00e9nyeit. Nyugtat\u00f3 hat\u00e1s\u00fa k\u0151.\" \/>\n<meta name=\"robots\" content=\"index, follow, max-snippet:-1, max-image-preview:large, max-video-preview:-1\" \/>\n<link rel=\"canonical\" href=\"https:\/\/www.thekallidesign.com\/hu\/termek\/berill\/\" \/>\n<meta property=\"og:locale\" content=\"hu_HU\" \/>\n<meta property=\"og:type\" content=\"article\" \/>\n<meta property=\"og:title\" content=\"Berill - Kalli\" \/>\n<meta property=\"og:description\" content=\"Berill felt\u00e9telezett hat\u00e1sa: serkenti a kiv\u00e1laszt\u00e1s szerveit, er\u0151s\u00edti a l\u00e9gz\u00e9si \u00e9s a kering\u00e9si rendszert, fokozza a m\u00e9reg- \u00e9s a szennyez\u0151 anyagokkal szembeni ellen\u00e1ll\u00e1st. J\u00f3t\u00e9konyan hat a m\u00e1jra, a sz\u00edvre, a gyomorra \u00e9s a gerincoszlopra, ellens\u00falyozza a megr\u00e1zk\u00f3dtat\u00e1s k\u00f6vetkezm\u00e9nyeit. Nyugtat\u00f3 hat\u00e1s\u00fa k\u0151.\" \/>\n<meta property=\"og:url\" content=\"https:\/\/www.thekallidesign.com\/hu\/termek\/berill\/\" \/>\n<meta property=\"og:site_name\" content=\"Kalli\" \/>\n<meta property=\"article:publisher\" content=\"https:\/\/www.facebook.com\/thekallidesign\/\" \/>\n<meta property=\"og:image\" content=\"https:\/\/www.thekallidesign.com\/wp-content\/uploads\/DDAE7CAB-ADB1-46B4-A26D-9ADFF0510AEA.jpeg\" \/>\n\t<meta property=\"og:image:width\" content=\"4096\" \/>\n\t<meta property=\"og:image:height\" content=\"4096\" \/>\n\t<meta property=\"og:image:type\" content=\"image\/jpeg\" \/>\n<meta name=\"twitter:card\" content=\"summary_large_image\" \/>\n<script type=\"application\/ld+json\" class=\"yoast-schema-graph\">{\"@context\":\"https:\/\/schema.org\",\"@graph\":[{\"@type\":\"WebPage\",\"@id\":\"https:\/\/www.thekallidesign.com\/hu\/termek\/berill\/\",\"url\":\"https:\/\/www.thekallidesign.com\/hu\/termek\/berill\/\",\"name\":\"Berill - Kalli\",\"isPartOf\":{\"@id\":\"https:\/\/www.thekallidesign.com\/hu\/#website\"},\"datePublished\":\"2024-01-15T12:32:49+00:00\",\"dateModified\":\"2024-01-15T12:32:49+00:00\",\"description\":\"Berill felt\u00e9telezett hat\u00e1sa: serkenti a kiv\u00e1laszt\u00e1s szerveit, er\u0151s\u00edti a l\u00e9gz\u00e9si \u00e9s a kering\u00e9si rendszert, fokozza a m\u00e9reg- \u00e9s a szennyez\u0151 anyagokkal szembeni ellen\u00e1ll\u00e1st. J\u00f3t\u00e9konyan hat a m\u00e1jra, a sz\u00edvre, a gyomorra \u00e9s a gerincoszlopra, ellens\u00falyozza a megr\u00e1zk\u00f3dtat\u00e1s k\u00f6vetkezm\u00e9nyeit. Nyugtat\u00f3 hat\u00e1s\u00fa k\u0151.\",\"breadcrumb\":{\"@id\":\"https:\/\/www.thekallidesign.com\/hu\/termek\/berill\/#breadcrumb\"},\"inLanguage\":\"hu\",\"potentialAction\":[{\"@type\":\"ReadAction\",\"target\":[\"https:\/\/www.thekallidesign.com\/hu\/termek\/berill\/\"]}]},{\"@type\":\"BreadcrumbList\",\"@id\":\"https:\/\/www.thekallidesign.com\/hu\/termek\/berill\/#breadcrumb\",\"itemListElement\":[{\"@type\":\"ListItem\",\"position\":1,\"name\":\"Home\",\"item\":\"https:\/\/www.thekallidesign.com\/hu\/\"},{\"@type\":\"ListItem\",\"position\":2,\"name\":\"\u00dczlet\",\"item\":\"https:\/\/www.thekallidesign.com\/hu\/shop\/\"},{\"@type\":\"ListItem\",\"position\":3,\"name\":\"Berill\"}]},{\"@type\":\"WebSite\",\"@id\":\"https:\/\/www.thekallidesign.com\/hu\/#website\",\"url\":\"https:\/\/www.thekallidesign.com\/hu\/\",\"name\":\"The kalli Design\",\"description\":\"\",\"potentialAction\":[{\"@type\":\"SearchAction\",\"target\":{\"@type\":\"EntryPoint\",\"urlTemplate\":\"https:\/\/www.thekallidesign.com\/hu\/?s={search_term_string}\"},\"query-input\":\"required name=search_term_string\"}],\"inLanguage\":\"hu\"}]}<\/script>\n<!-- \/ Yoast SEO plugin. -->","yoast_head_json":{"title":"Berill - Kalli","description":"Berill felt\u00e9telezett hat\u00e1sa: serkenti a kiv\u00e1laszt\u00e1s szerveit, er\u0151s\u00edti a l\u00e9gz\u00e9si \u00e9s a kering\u00e9si rendszert, fokozza a m\u00e9reg- \u00e9s a szennyez\u0151 anyagokkal szembeni ellen\u00e1ll\u00e1st. J\u00f3t\u00e9konyan hat a m\u00e1jra, a sz\u00edvre, a gyomorra \u00e9s a gerincoszlopra, ellens\u00falyozza a megr\u00e1zk\u00f3dtat\u00e1s k\u00f6vetkezm\u00e9nyeit. Nyugtat\u00f3 hat\u00e1s\u00fa k\u0151.","robots":{"index":"index","follow":"follow","max-snippet":"max-snippet:-1","max-image-preview":"max-image-preview:large","max-video-preview":"max-video-preview:-1"},"canonical":"https:\/\/www.thekallidesign.com\/hu\/termek\/berill\/","og_locale":"hu_HU","og_type":"article","og_title":"Berill - Kalli","og_description":"Berill felt\u00e9telezett hat\u00e1sa: serkenti a kiv\u00e1laszt\u00e1s szerveit, er\u0151s\u00edti a l\u00e9gz\u00e9si \u00e9s a kering\u00e9si rendszert, fokozza a m\u00e9reg- \u00e9s a szennyez\u0151 anyagokkal szembeni ellen\u00e1ll\u00e1st. J\u00f3t\u00e9konyan hat a m\u00e1jra, a sz\u00edvre, a gyomorra \u00e9s a gerincoszlopra, ellens\u00falyozza a megr\u00e1zk\u00f3dtat\u00e1s k\u00f6vetkezm\u00e9nyeit. Nyugtat\u00f3 hat\u00e1s\u00fa k\u0151.","og_url":"https:\/\/www.thekallidesign.com\/hu\/termek\/berill\/","og_site_name":"Kalli","article_publisher":"https:\/\/www.facebook.com\/thekallidesign\/","og_image":[{"width":4096,"height":4096,"url":"https:\/\/www.thekallidesign.com\/wp-content\/uploads\/DDAE7CAB-ADB1-46B4-A26D-9ADFF0510AEA.jpeg","type":"image\/jpeg"}],"twitter_card":"summary_large_image","schema":{"@context":"https:\/\/schema.org","@graph":[{"@type":"WebPage","@id":"https:\/\/www.thekallidesign.com\/hu\/termek\/berill\/","url":"https:\/\/www.thekallidesign.com\/hu\/termek\/berill\/","name":"Berill - Kalli","isPartOf":{"@id":"https:\/\/www.thekallidesign.com\/hu\/#website"},"datePublished":"2024-01-15T12:32:49+00:00","dateModified":"2024-01-15T12:32:49+00:00","description":"Berill felt\u00e9telezett hat\u00e1sa: serkenti a kiv\u00e1laszt\u00e1s szerveit, er\u0151s\u00edti a l\u00e9gz\u00e9si \u00e9s a kering\u00e9si rendszert, fokozza a m\u00e9reg- \u00e9s a szennyez\u0151 anyagokkal szembeni ellen\u00e1ll\u00e1st. J\u00f3t\u00e9konyan hat a m\u00e1jra, a sz\u00edvre, a gyomorra \u00e9s a gerincoszlopra, ellens\u00falyozza a megr\u00e1zk\u00f3dtat\u00e1s k\u00f6vetkezm\u00e9nyeit. Nyugtat\u00f3 hat\u00e1s\u00fa k\u0151.","breadcrumb":{"@id":"https:\/\/www.thekallidesign.com\/hu\/termek\/berill\/#breadcrumb"},"inLanguage":"hu","potentialAction":[{"@type":"ReadAction","target":["https:\/\/www.thekallidesign.com\/hu\/termek\/berill\/"]}]},{"@type":"BreadcrumbList","@id":"https:\/\/www.thekallidesign.com\/hu\/termek\/berill\/#breadcrumb","itemListElement":[{"@type":"ListItem","position":1,"name":"Home","item":"https:\/\/www.thekallidesign.com\/hu\/"},{"@type":"ListItem","position":2,"name":"\u00dczlet","item":"https:\/\/www.thekallidesign.com\/hu\/shop\/"},{"@type":"ListItem","position":3,"name":"Berill"}]},{"@type":"WebSite","@id":"https:\/\/www.thekallidesign.com\/hu\/#website","url":"https:\/\/www.thekallidesign.com\/hu\/","name":"The kalli Design","description":"","potentialAction":[{"@type":"SearchAction","target":{"@type":"EntryPoint","urlTemplate":"https:\/\/www.thekallidesign.com\/hu\/?s={search_term_string}"},"query-input":"required name=search_term_string"}],"inLanguage":"hu"}]}},"_links":{"self":[{"href":"https:\/\/www.thekallidesign.com\/hu\/wp-json\/wp\/v2\/product\/3605"}],"collection":[{"href":"https:\/\/www.thekallidesign.com\/hu\/wp-json\/wp\/v2\/product"}],"about":[{"href":"https:\/\/www.thekallidesign.com\/hu\/wp-json\/wp\/v2\/types\/product"}],"replies":[{"embeddable":true,"href":"https:\/\/www.thekallidesign.com\/hu\/wp-json\/wp\/v2\/comments?post=3605"}],"wp:featuredmedia":[{"embeddable":true,"href":"https:\/\/www.thekallidesign.com\/hu\/wp-json\/wp\/v2\/media\/3593"}],"wp:attachment":[{"href":"https:\/\/www.thekallidesign.com\/hu\/wp-json\/wp\/v2\/media?parent=3605"}],"wp:term":[{"taxonomy":"product_cat","embeddable":true,"href":"https:\/\/www.thekallidesign.com\/hu\/wp-json\/wp\/v2\/product_cat?post=3605"},{"taxonomy":"product_tag","embeddable":true,"href":"https:\/\/www.thekallidesign.com\/hu\/wp-json\/wp\/v2\/product_tag?post=3605"}],"curies":[{"name":"wp","href":"https:\/\/api.w.org\/{rel}","templated":true}]}}

<p><strong>Berill feltételezett hatása:</strong> serkenti a kiválasztás szerveit, erősíti a légzési és a keringési rendszert, fokozza a méreg- és a szennyező anyagokkal szembeni ellenállást. Jótékonyan hat a májra, a szívre, a gyomorra és a gerincoszlopra, ellensúlyozza a megrázkódtatás következményeit. Nyugtató hatású kő.  </p>

<p><strong>Gyöngyszem: </strong>6mmØ</p>

<!-- This site is optimized with the Yoast SEO plugin v20.9 - https://yoast.com/wordpress/plugins/seo/ -->
<title>Berill - Kalli</title>
<meta name="description" content="Berill feltételezett hatása: serkenti a kiválasztás szerveit, erősíti a légzési és a keringési rendszert, fokozza a méreg- és a szennyező anyagokkal szembeni ellenállást. Jótékonyan hat a májra, a szívre, a gyomorra és a gerincoszlopra, ellensúlyozza a megrázkódtatás következményeit. Nyugtató hatású kő." />
<meta name="robots" content="index, follow, max-snippet:-1, max-image-preview:large, max-video-preview:-1" />
<link rel="canonical" href="https://www.thekallidesign.com/hu/termek/berill/" />
<meta property="og:locale" content="hu_HU" />
<meta property="og:type" content="article" />
<meta property="og:title" content="Berill - Kalli" />
<meta property="og:description" content="Berill feltételezett hatása: serkenti a kiválasztás szerveit, erősíti a légzési és a keringési rendszert, fokozza a méreg- és a szennyező anyagokkal szembeni ellenállást. Jótékonyan hat a májra, a szívre, a gyomorra és a gerincoszlopra, ellensúlyozza a megrázkódtatás következményeit. Nyugtató hatású kő." />
<meta property="og:url" content="https://www.thekallidesign.com/hu/termek/berill/" />
<meta property="og:site_name" content="Kalli" />
<meta property="article:publisher" content="https://www.facebook.com/thekallidesign/" />
<meta property="og:image" content="https://www.thekallidesign.com/wp-content/uploads/DDAE7CAB-ADB1-46B4-A26D-9ADFF0510AEA.jpeg" />
	<meta property="og:image:width" content="4096" />
	<meta property="og:image:height" content="4096" />
	<meta property="og:image:type" content="image/jpeg" />
<meta name="twitter:card" content="summary_large_image" />
<script type="application/ld+json" class="yoast-schema-graph">{"@context":"https://schema.org","@graph":[{"@type":"WebPage","@id":"https://www.thekallidesign.com/hu/termek/berill/","url":"https://www.thekallidesign.com/hu/termek/berill/","name":"Berill - Kalli","isPartOf":{"@id":"https://www.thekallidesign.com/hu/#website"},"datePublished":"2024-01-15T12:32:49+00:00","dateModified":"2024-01-15T12:32:49+00:00","description":"Berill feltételezett hatása: serkenti a kiválasztás szerveit, erősíti a légzési és a keringési rendszert, fokozza a méreg- és a szennyező anyagokkal szembeni ellenállást. Jótékonyan hat a májra, a szívre, a gyomorra és a gerincoszlopra, ellensúlyozza a megrázkódtatás következményeit. Nyugtató hatású kő.","breadcrumb":{"@id":"https://www.thekallidesign.com/hu/termek/berill/#breadcrumb"},"inLanguage":"hu","potentialAction":[{"@type":"ReadAction","target":["https://www.thekallidesign.com/hu/termek/berill/"]}]},{"@type":"BreadcrumbList","@id":"https://www.thekallidesign.com/hu/termek/berill/#breadcrumb","itemListElement":[{"@type":"ListItem","position":1,"name":"Home","item":"https://www.thekallidesign.com/hu/"},{"@type":"ListItem","position":2,"name":"Üzlet","item":"https://www.thekallidesign.com/hu/shop/"},{"@type":"ListItem","position":3,"name":"Berill"}]},{"@type":"WebSite","@id":"https://www.thekallidesign.com/hu/#website","url":"https://www.thekallidesign.com/hu/","name":"The kalli Design","description":"","potentialAction":[{"@type":"SearchAction","target":{"@type":"EntryPoint","urlTemplate":"https://www.thekallidesign.com/hu/?s={search_term_string}"},"query-input":"required name=search_term_string"}],"inLanguage":"hu"}]}</script>
<!-- / Yoast SEO plugin. -->

Berill feltételezett hatása: serkenti a kiválasztás szerveit, erősíti a légzési és a keringési rendszert, fokozza a méreg- és a szennyező anyagokkal szembeni ellenállást. Jótékonyan hat a májra, a szívre, a gyomorra és a gerincoszlopra, ellensúlyozza a megrázkódtatás következményeit. Nyugtató hatású kő.

Üzlet
